{"id":317,"date":"2024-08-28T11:49:07","date_gmt":"2024-08-28T14:49:07","guid":{"rendered":"http:\/\/santacasa.local\/?page_id=317"},"modified":"2024-09-04T06:22:19","modified_gmt":"2024-09-04T09:22:19","slug":"capela-senhor-dos-passos","status":"publish","type":"page","link":"https:\/\/i2w.com.br\/santacasa\/a-santa-casa\/capela-senhor-dos-passos\/","title":{"rendered":"Capela Senhor dos Passos"},"content":{"rendered":"\n<p>A Capela Nosso Senhor dos Passos integra o conjunto arquitet\u00f4nico da Santa Casa de Miseric\u00f3rdia. Sua arquitetura t\u00edpica do final do s\u00e9culo XVIII se mistura com caracter\u00edsticas neol\u00edticas e, desde 2002, ela \u00e9 tombada como Patrim\u00f4nio Hist\u00f3rico Municipal.<\/p>\n\n\n\n<p>Seus vitrais, que retratam o Calv\u00e1rio de Cristo, e a Gruta de Nossa Senhora de Lourdes, localizada no adro da capela, s\u00e3o um convite \u00e0 ora\u00e7\u00e3o e \u00e0 medita\u00e7\u00e3o.<\/p>\n\n\n\n<h3 class=\"wp-block-heading\">Hor\u00e1rio das missas:<\/h3>\n\n\n\n<ul class=\"wp-block-list\">\n<li>Ter\u00e7as-feiras \u00e0s 18h;<\/li>\n\n\n\n<li>Quartas-feiras \u00e0s 12h15;<\/li>\n\n\n\n<li>Quintas, sextas-feiras e s\u00e1bados \u00e0s 18h;<\/li>\n\n\n\n<li>Domingos \u00e0s 7h, 11h e \u00e0s 18h;<\/li>\n\n\n\n<li>Em toda primeira sexta-feira de cada m\u00eas, missa consagrada ao Cora\u00e7\u00e3o de Jesus \u00e0s 14h.<\/li>\n<\/ul>\n\n\n\n<h3 class=\"wp-block-heading\">TV Capela:<\/h3>\n\n\n\n<p>As missas celebradas na Capela Senhor dos Passos podem ser assistidas nos leitos da Santa Casa, atrav\u00e9s da TV Capela, no Canal 3. A programa\u00e7\u00e3o tamb\u00e9m envolve filmes, palestras, ora\u00e7\u00f5es do ter\u00e7o e muito mais.<\/p>\n\n\n\n<h3 class=\"wp-block-heading\">Pastoral dos Enfermos:<\/h3>\n\n\n\n<p>Fundada em novembro de 2003, a Pastoral dos Enfermos tem como objetivo humanizar e cristianizar os ambientes de assist\u00eancia \u00e0 sa\u00fade, encorajando o enfermo a tomar uma atitude de f\u00e9 e esperan\u00e7a perante a dor e contribuindo para a constru\u00e7\u00e3o de uma sociedade justa e solid\u00e1ria a servi\u00e7o da vida.<\/p>\n\n\n\n<h3 class=\"wp-block-heading\">Servi\u00e7os prestados:<\/h3>\n\n\n\n<ul class=\"wp-block-list\">\n<li>Visitas aos enfermos da Santa Casa: segundas e quintas-feiras;<\/li>\n\n\n\n<li>Comunh\u00f5es: ter\u00e7as, quartas, sextas-feiras e s\u00e1bados;<\/li>\n\n\n\n<li>Visita ao HPS: ter\u00e7as e quartas-feiras.<\/li>\n<\/ul>\n\n\n\n<h3 class=\"wp-block-heading\">Pastoral Social:<\/h3>\n\n\n\n<p>Desde 2011, a Pastoral dos Enfermos, em parceria com a Comiss\u00e3o de Humaniza\u00e7\u00e3o e a Assist\u00eancia Social da Santa Casa, realiza doa\u00e7\u00f5es de roupas e enxovais para adultos, jovens e rec\u00e9m-nascidos carentes internados.<\/p>\n\n\n\n<h3 class=\"wp-block-heading\">Contato:<\/h3>\n\n\n\n<p>End.:\u00a0<strong>Av. Bar\u00e3o do Rio Branco, 3353<\/strong><br>Bairro:<strong>\u00a0Passos<\/strong><br>Cidade:\u00a0<strong>Juiz de Fora\/MG<\/strong><br>CEP.:\u00a0<strong>36021-630<\/strong><br>Telefone:<strong>\u00a0(32) 3229-2218<\/strong><\/p>\n","protected":false},"excerpt":{"rendered":"<p>A Capela Nosso Senhor dos Passos integra o conjunto arquitet\u00f4nico da Santa Casa de Miseric\u00f3rdia. Sua arquitetura t\u00edpica do final do s\u00e9culo XVIII se mistura com caracter\u00edsticas neol\u00edticas e, desde 2002, ela \u00e9 tombada como Patrim\u00f4nio Hist\u00f3rico [&hellip;]<\/p>\n","protected":false},"author":1,"featured_media":225,"parent":321,"menu_order":0,"comment_status":"closed","ping_status":"closed","template":"","meta":{"_acf_changed":false,"inline_featured_image":false,"footnotes":""},"class_list":["post-317","page","type-page","status-publish","has-post-thumbnail","hentry"],"acf":[],"_links":{"self":[{"href":"https:\/\/i2w.com.br\/santacasa\/wp-json\/wp\/v2\/pages\/317","targetHints":{"allow":["GET"]}}],"collection":[{"href":"https:\/\/i2w.com.br\/santacasa\/wp-json\/wp\/v2\/pages"}],"about":[{"href":"https:\/\/i2w.com.br\/santacasa\/wp-json\/wp\/v2\/types\/page"}],"author":[{"embeddable":true,"href":"https:\/\/i2w.com.br\/santacasa\/wp-json\/wp\/v2\/users\/1"}],"replies":[{"embeddable":true,"href":"https:\/\/i2w.com.br\/santacasa\/wp-json\/wp\/v2\/comments?post=317"}],"version-history":[{"count":0,"href":"https:\/\/i2w.com.br\/santacasa\/wp-json\/wp\/v2\/pages\/317\/revisions"}],"up":[{"embeddable":true,"href":"https:\/\/i2w.com.br\/santacasa\/wp-json\/wp\/v2\/pages\/321"}],"wp:featuredmedia":[{"embeddable":true,"href":"https:\/\/i2w.com.br\/santacasa\/wp-json\/wp\/v2\/media\/225"}],"wp:attachment":[{"href":"https:\/\/i2w.com.br\/santacasa\/wp-json\/wp\/v2\/media?parent=317"}],"curies":[{"name":"wp","href":"https:\/\/api.w.org\/{rel}","templated":true}]}}